2321 + 3?
-2222312
In base 8, what is 3074176 + -3?
3074173
In base 5, what is 1 + 14130300?
14130301
In base 7, what is -2131266 - -5?
-2131261
In base 8, what is 737507 + 0?
737507
In base 4, what is 1311202 - -10?
1311212
In base 12, what is -8b + -2326?
-23b5
In base 10, what is -904 - 8?
-912
In base 12, what is a - -7aa2?
7ab0
In base 8, what is -14175 + -111?
-14306
In base 6, what is 15 - -31055?
31114
In base 3, what is 221222 + 212011?
1211010
In base 7, what is 52 - 16625?
-16543
In base 3, what is -101200 - -2101221?
2000021
In base 2, what is -100001101100010111 + 101111?
-100001101011101000
In base 13, what is 134 + -c9c?
-b68
In base 13, what is -2 - -3573a?
35738
In base 10, what is 2787 + -159?
2628
In base 5, what is -120312 + -3?
-120320
In base 14, what is 361 - 73a?
-3b9
In base 2, what is -1111010010100111 + 100?
-1111010010100011
In base 9, what is -184802 - -4?
-184787
In base 13, what is -127 + 23bb?
2294
In base 6, what is -4 + -30544?
-30552
In base 10, what is 1022 - 674?
348
In base 16, what is 1 - -89cd?
89ce
In base 11, what is -10 - -30a?
2aa
In base 5, what is -31 - 4321212?
-4321243
In base 6, what is -244345 - -31?
-244314
In base 5, what is 3344140203 + 2?
3344140210
In base 7, what is 10603 + -310?
10263
In base 15, what is 5 - -6e2e?
6e34
In base 9, what is 3472847 + 5?
3472853
In base 9, what is -12 + 104844?
104832
In base 16, what is 27 - 168a?
-1663
In base 9, what is -12 + 56217?
56205
In base 13, what is 4 + c1012?
c1016
In base 10, what is 3 - -426732?
426735
In base 13, what is 621 - 0?
621
In base 10, what is 24150 + 0?
24150
In base 3, what is 0 - 12020200001?
-12020200001
In base 6, what is -425 + 3520?
3051
In base 2, what is -1110110101 + 101000?
-1110001101
In base 7, what is -1 - 4354101?
-4354102
In base 15, what is 8 + 840?
848
In base 7, what is 1340263 + 1?
1340264
In base 11, what is 243 - 109?
135
In base 12, what is -12039 + 8?
-12031
In base 10, what is 201 - -64?
265
In base 9, what is 23273 + 118?
23402
In base 3, what is 211 - 1222120?
-1221202
In base 7, what is -221 + -5510?
-6031
In base 16, what is -efd4c - -2?
-efd4a
In base 15, what is -119 - 136?
-250
In base 2, what is 10111110110100001 - 100?
10111110110011101
In base 4, what is -1112020102 + 10?
-1112020032
In base 16, what is -26759 + 8?
-26751
In base 11, what is 24 - -6571?
6595
In base 5, what is 3213332 + 0?
3213332
In base 5, what is -2 + -4431334?
-4431341
In base 8, what is -555 - -5424?
4647
In base 5, what is -20 - -1334411?
1334341
In base 10, what is 89 + 5910?
5999
In base 13, what is 100 - -13?
113
In base 9, what is -52864 - 5?
-52870
In base 5, what is -3 - 122211?
-122214
In base 2, what is 1 - 1101000011001?
-1101000011000
In base 12, what is 188130 - -2?
188132
In base 6, what is 2124 + 3134?
5302
In base 6, what is -2422544 - -2?
-2422542
In base 16, what is -10a - da?
-1e4
In base 14, what is -2c - -758?
72a
In base 13, what is 14 - -143?
157
In base 4, what is -10320 - -33121?
22201
In base 15, what is 1be3 - 358?
188a
In base 2, what is 10 - -1111000001001101?
1111000001001111
In base 12, what is 10 + -2237?
-2227
In base 3, what is -10 - -11002110000?
11002102220
In base 5, what is 232433 - 11?
232422
In base 13, what is -2 + 223a?
2238
In base 6, what is 1433 + -422?
1011
In base 8, what is 5713026 + 5?
5713033
In base 9, what is -57 + 1372?
1314
In base 5, what is -423300 + 2?
-423243
In base 5, what is -2221422 + 10?
-2221412
In base 4, what is -2 - -2231203?
2231201
In base 9, what is 27825 + -24?
27801
In base 3, what is -20200 - -20102?
-21
In base 12, what is 2 - -4847?
4849
In base 6, what is -5405 + -1132?
-10541
In base 15, what is -1 - 2a6198?
-2a6199
In base 9, what is -608 - 381?
-1100
In base 10, what is -16 + -104?
-120
In base 5, what is 100112442 - 1?
100112441
In base 16, what is 8e95 + 4?
8e99
In base 5, what is 1 - -12442303?
12442304
In base 14, what is 31 - 1d1?
-1a0
In base 2, what is -1111010 - -111?
-1110011
In base 12, what is -22 - 184?
-1a6
In base 10, what is -4 - 3127?
-3131
In base 7, what is 13526 - -6?
13535
In base 8, what is 2 + -617262?
-617260
In base 4, what is 100 - -13202333?
13203033
In base 13, what is 3319 - 12?
3307
In base 14, what is -6bbab2 + -5?
-6bbab7
In base 2, what is 101100100 + 110000?
110010100
In base 16, what is 235 + -170?
c5
In base 15, what is 7949 + -3?
7946
In base 5, what is 20 - 4032?
-4012
In base 14, what is -9 - 311b2?
-311bb
In base 14, what is -4a72 - a?
-4a7c
In base 6, what is 103 + 43420?
43523
In base 5, what is -113102040 + 3?
-113102032
In base 8, what is -554 - -43?
-511
In base 4, what is 222333 - -11?
223010
In base 8, what is 2 + 23022?
23024
In base 9, what is 613 + -127?
475
In base 6, what is -255415 + -3?
-255422
In base 10, what is -34 - 4274?
-4308
In base 5, what is -4 - -21340?
21331
In base 7, what is -24406 - -161?
-24215
In base 11, what is 163 - 1679?
-1516
In base 11, what is -2113 + 2?
-2111
In base 2, what is -1011100101 + -10010001110111?
-10011101011100
In base 6, what is -1 - -5230101?
5230100
In base 12, what is 2 + -6644?
-6642
In base 5, what is -10 + -11044200?
-11044210
In base 5, what is -14140141 - -10?
-14140131
In base 7, what is -346 + 2326?
1650
In base 3, what is -10 + -212200022021?
-212200022101
In base 2, what is -1001101011110011100 + 100?
-1001101011110011000
In base 5, what is -23212 - 432?
-24144
In base 10, what is -695 + -161?
-856
In base 10, what is -9544 + 0?
-9544
In base 5, what is -1242221420 - -1?
-1242221414
In base 16, what is 471fd - -5?
47202
In base 4, what is 13 - 221301303?
-221301230
In base 10, what is -249 - -4007?
3758
In base 16, what is 11da6 - -3?
11da9
In base 5, what is 23224342 + 10?
23224402
In base 14, what is bb0a - -4?
bb10
In base 4, what is -111320 + -1232?
-113212
In base 14, what is -cd + -4a?
-139
In base 6, what is 445 + -120?
325
In base 12, what is -1027 - 10?
-1037
In base 4, what is -3122 - 1022003?
-1031131
In base 8, what is 2565632 + 3?
2565635
In base 5, what is -2411224 + 11?
-2411213
In base 2, what is -100110110 - -1001001101?
100010111
In base 10, what is 6165 - 21?
6144
In base 9, what is -1514737 - 2?
-1514740
In base 16, what is 25b + -78?
1e3
In base 12, what is 9665 + 0?
9665
In base 15, what is -42b + -15?
-441
In base 7, what is 144 - 42224?
-42050
In base 6, what is -30044 - -21?
-30023
In base 7, what is 35 + 1422?
1460
In base 16, what is 8 + 19b5?
19bd
In base 5, what is 104 - 24044?
-23440
In base 10, what is 12309 + 10?
12319
In base 10, what is 396 - -107?
503
In base 12, what is 66 + -1192?
-1128
In base 14, what is -1a88a - 1?
-1a88b
In base 4, what is -1 - 21223311?
-21223312
In base 2, what is -1000110111010111 + 11?
-1000110111010100
In base 4, what is -112122311 - -10?
-112122301
In base 9, what is 3 - 50221?
-50217
In base 5, what is -114202 + -4?
-114211
In base 13, what is b - 51b8?
-51aa
In base 6, what is -1352 + 511?
-441
In base 14, what is -1b + 6666?
6649
In base 12, what is -216 - -474?
25a
In base 12, what is -41 - 3a82?
-3b03
In base 8, what is -43 - -6510?
6445
In base 14, what is -1 - -10dc76?
10dc75
In base 14, what is -9 - -42aa?
42a1
In base 13, what is 84c2 + -1?
84c1
In base 6, what is -25 + -3432?
-3501
In base 11, what is 20 - 5294?
-5274
In base 5, what is -2200 + -33014?
-40214
In base 10, what is 12 - -86232?
86244
In base 14, what is 3 - 399?
-396
In base 3, what is -1002022000 - 12?
-1002022012
In base 15, what is -165 + -2971?
-2ad6
In base 7, what is 16114 + 13?
16130
In base 2, what is -100000101110 + -100?
-100000110010
In base 13, what is 5 + 5b87?
5b8c
In base 15, what is -9 - -31b?
312
In base 14, what is -4 - -3bd?
3b9
In base 13, what is a7 - -12a?
204
In base 4, what is 133210 + -31?
133113
In base 10, what is 3 + 17225?
17228
In base 14, what is 1112 - -4?
1116
In base 11, what is 4 - 6131?
-6128
In base 4, what is 132232112 - -21?
132232133
In base 16, what is 1 + -a6fd?
-a6fc
In base 7, what is -105 - -5?
-100
In base 10, what is 1551168 - -2?
1551170
In base 16, what is e + 12af?
12bd
In base 11, what is 45 + -550?
-506
In base 7, what is 636 - -6512?
10451
In base 4, what is 22102322 + 11?
22102333
In base 15, what is 38951 - 3?
3894d
In base 14, what is -84 - -270?
1ca
I